{"id":21,"date":"2009-12-11T11:51:15","date_gmt":"2009-12-11T16:51:15","guid":{"rendered":"https:\/\/www.associazionecaracas.it\/?page_id=21"},"modified":"2018-10-16T00:20:46","modified_gmt":"2018-10-15T22:20:46","slug":"laboratori","status":"publish","type":"page","link":"https:\/\/www.associazionecaracas.it\/?page_id=21","title":{"rendered":"Laboratori"},"content":{"rendered":"<figure id=\"attachment_493\" aria-describedby=\"caption-attachment-493\" style=\"width: 491px\" class=\"wp-caption aligncenter\"><a href=\"https:\/\/www.associazionecaracas.it\/wp-content\/uploads\/2009\/12\/Viviani-alberghiero-3-08-41.jpg\"><img loading=\"lazy\" decoding=\"async\" class=\"size-large wp-image-493 \" title=\"Armando Chartier insegna teatro alle studentesse dell'IPSAR di ISCHIA\" src=\"https:\/\/www.associazionecaracas.it\/wp-content\/uploads\/2009\/12\/Viviani-alberghiero-3-08-41-1024x633.jpg\" alt=\"Spettacolo con Testi di Raffaele Viviani\" width=\"491\" height=\"304\" srcset=\"https:\/\/www.associazionecaracas.it\/wp-content\/uploads\/2009\/12\/Viviani-alberghiero-3-08-41-1024x633.jpg 1024w, https:\/\/www.associazionecaracas.it\/wp-content\/uploads\/2009\/12\/Viviani-alberghiero-3-08-41-300x185.jpg 300w\" sizes=\"(max-width: 491px) 100vw, 491px\" \/><\/a><figcaption id=\"caption-attachment-493\" class=\"wp-caption-text\">Libero adattamento di Armando Chartier &#8211; testi R. Viviani<\/figcaption><\/figure>\n<p><span style=\"color: #000000;\">L\u2019Associazione Caracas si propone, tra i principali obiettivi, quello di educare nella scuola attraverso il teatro, la musica, la pittura e lo sport, salvaguardando l\u2019individualit\u00e0 del discente all\u2019 interno dell\u2019esperienza didattica. Si cercher\u00e0 principalmente di fornire ai ragazzi gli strumenti per crearsi una propria identit\u00e0 (teatrale, musicale, sportiva) a seconda del progetto in atto.<\/span><br \/>\n<span style=\"color: #000000;\">Ciascun laboratorio, anche se con modalit\u00e0 diverse, verr\u00e0 inteso come una \u201cstruttura aperta al territorio\u201d. Si tratta quindi di uno strumento che svolger\u00e0 un lavoro per poter raggiungere una buona conoscenza di s\u00e9, acquistare consapevolezza del proprio vissuto ed essere protagonisti della realt\u00e0 in cui si vive.<\/span><\/p>\n<p><span style=\"color: #000000;\"><strong>MODALIT\u00c0 DI FRUIZIONE<\/strong><\/span><br \/>\n<span style=\"color: #000000;\">I laboratori saranno disponibili nei giorni ed orari concordati insieme alla Dirigenza Scolastica. Le attivit\u00e0 proposte saranno svolte in gruppo, ma non mancheranno momenti di studio e di ricerca individuali.<\/span><\/p>\n<p><span style=\"color: #000000;\"><strong>ALCUNE DELLE NOSTRE PROPOSTE DI LABORATORIO<\/strong><\/span><\/p>\n<p><span style=\"color: #000000;\"><a style=\"color: #000000;\" href=\"https:\/\/www.associazionecaracas.it\/wp-content\/uploads\/2009\/12\/laboratorio-di-danza-1\u00b0-ciclo-primaria.pdf\" target=\"_blank\" rel=\"noopener\">Progetto Danza 1\u00b0 ciclo Scuola Primaria di 1\u00b0 grado<\/a><\/span><\/p>\n<p><span style=\"color: #000000;\"><a style=\"color: #000000;\" href=\"https:\/\/www.associazionecaracas.it\/wp-content\/uploads\/2009\/12\/laboratorio-di-danza-2\u00b0-ciclo-primaria.pdf\" target=\"_blank\" rel=\"noopener\">Progetto Danza 2\u00b0 ciclo Scuola Priamria di 1\u00b0 grado<br \/>\n<\/a><\/span><\/p>\n<p><span style=\"color: #000000;\"><span style=\"color: #ccffcc;\">\u00a0<\/span><\/span><\/p>\n","protected":false},"excerpt":{"rendered":"<p>L\u2019Associazione Caracas si propone, tra i principali obiettivi, quello di educare nella scuola attraverso il teatro, la musica, la pittura e lo sport, salvaguardando l\u2019individualit\u00e0 del discente all\u2019 interno dell\u2019esperienza didattica. Si cercher\u00e0 principalmente di fornire ai ragazzi gli strumenti per crearsi una propria identit\u00e0 (teatrale, musicale, sportiva) a seconda del progetto in atto. Ciascun &hellip; <\/p>\n","protected":false},"author":3,"featured_media":0,"parent":0,"menu_order":4,"comment_status":"closed","ping_status":"closed","template":"","meta":{"footnotes":""},"_links":{"self":[{"href":"https:\/\/www.associazionecaracas.it\/index.php?rest_route=\/wp\/v2\/pages\/21"}],"collection":[{"href":"https:\/\/www.associazionecaracas.it\/index.php?rest_route=\/wp\/v2\/pages"}],"about":[{"href":"https:\/\/www.associazionecaracas.it\/index.php?rest_route=\/wp\/v2\/types\/page"}],"author":[{"embeddable":true,"href":"https:\/\/www.associazionecaracas.it\/index.php?rest_route=\/wp\/v2\/users\/3"}],"replies":[{"embeddable":true,"href":"https:\/\/www.associazionecaracas.it\/index.php?rest_route=%2Fwp%2Fv2%2Fcomments&post=21"}],"version-history":[{"count":2,"href":"https:\/\/www.associazionecaracas.it\/index.php?rest_route=\/wp\/v2\/pages\/21\/revisions"}],"predecessor-version":[{"id":3561,"href":"https:\/\/www.associazionecaracas.it\/index.php?rest_route=\/wp\/v2\/pages\/21\/revisions\/3561"}],"wp:attachment":[{"href":"https:\/\/www.associazionecaracas.it\/index.php?rest_route=%2Fwp%2Fv2%2Fmedia&parent=21"}],"curies":[{"name":"wp","href":"https:\/\/api.w.org\/{rel}","templated":true}]}}